
In base 8, what is 1477 + 4?
1503
In base 2, what is 111 - -10100?
11011
In base 13, what is -4 + 5a?
56
In base 12, what is 26 + -3?
23
In base 9, what is -6 - -3?
-3
In base 10, what is 5 + 423?
428
In base 12, what is 70 - -45?
b5
In base 14, what is 14 + 7?
1b
In base 11, what is -10 + 5?
-6
In base 14, what is 74 + -4?
70
In base 2, what is 1 - -1000110?
1000111
In base 10, what is 13273 - 3?
13270
In base 16, what is -60 - 4a?
-aa
In base 14, what is 1682 + 1?
1683
In base 10, what is -59 + -75?
-134
In base 4, what is 311 - 23?
222
In base 15, what is 11 - -2b?
3c
In base 10, what is 7 + 2?
9
In base 13, what is 338 - -4?
33c
In base 7, what is 1 - 32?
-31
In base 10, what is -11071 - -5?
-11066
In base 9, what is 543 + -1?
542
In base 12, what is -17 - 12a2?
-12b9
In base 16, what is 7fb + 0?
7fb
In base 10, what is 15 + -7?
8
In base 15, what is 3 + -1c40?
-1c3c
In base 15, what is -379 + -6?
-380
In base 6, what is 1 + 1030?
1031
In base 9, what is -7 - -10?
2
In base 15, what is 452e + -4?
452a
In base 14, what is -1 + 2685?
2684
In base 5, what is -2110 - 3?
-2113
In base 13, what is 2 - a5?
-a3
In base 8, what is -14 - 173?
-207
In base 3, what is 122121 + 212?
200110
In base 10, what is -184 - 5?
-189
In base 9, what is 31 - 5?
25
In base 13, what is -3 - a3?
-a6
In base 3, what is 11 - -12?
100
In base 4, what is 101 - 10?
31
In base 2, what is 100 - -10011011?
10011111
In base 16, what is 1 + 1cb?
1cc
In base 11, what is -1 + -31?
-32
In base 12, what is -8 - 5?
-11
In base 7, what is -10055 + 3?
-10052
In base 15, what is 3b5 - 14?
3a1
In base 10, what is 288 + 3?
291
In base 6, what is 3204 - 5?
3155
In base 14, what is -1852 - 0?
-1852
In base 9, what is 1853 - -3?
1856
In base 11, what is -6 + -654?
-65a
In base 13, what is 88 - c2?
-37
In base 8, what is 314 + -4?
310
In base 5, what is 404 - -4?
413
In base 7, what is 5 + -143?
-135
In base 4, what is -1 - 301330?
-301331
In base 10, what is -656 + 16?
-640
In base 10, what is 68 - 58?
10
In base 3, what is -22 + 211100?
211001
In base 15, what is -65 + 5?
-60
In base 15, what is 2 + e0?
e2
In base 5, what is 140 + 133?
323
In base 8, what is -110 - -11?
-77
In base 11, what is 1a809 + -5?
1a804
In base 16, what is -28 - 6?
-2e
In base 2, what is -1110 - -101011000?
101001010
In base 12, what is a5 + 1b?
104
In base 15, what is -2 + -6de?
-6e1
In base 9, what is 4 + 110?
114
In base 2, what is 110 + 101?
1011
In base 13, what is 9 - 6?
3
In base 16, what is -18aa - 1?
-18ab
In base 6, what is -4 + 111?
103
In base 12, what is -28 + 2?
-26
In base 7, what is -1122 + -5?
-1130
In base 16, what is 1703 + 5?
1708
In base 3, what is 2 - 2001?
-1222
In base 2, what is -10010101 + -101?
-10011010
In base 6, what is -5 - 12555?
-13004
In base 13, what is -3a87 + 2?
-3a85
In base 2, what is -100 - 11101101?
-11110001
In base 9, what is 80 + 21?
111
In base 13, what is 1612 + -3?
160c
In base 15, what is 1a + -41?
-26
In base 9, what is -10 - 464?
-474
In base 9, what is -7 - -44?
36
In base 8, what is 23 + 4?
27
In base 14, what is -21 - -3?
-1c
In base 8, what is 0 + -216?
-216
In base 5, what is 324403 - -1?
324404
In base 11, what is -2603 + 5?
-25a9
In base 5, what is -2324 + -4?
-2333
In base 13, what is -4 + -117?
-11b
In base 7, what is -5156 - -5?
-5151
In base 10, what is -75 + -21?
-96
In base 12, what is 160 - -2?
162
In base 12, what is -17 + b?
-8
In base 2, what is 10 + -100101?
-100011
In base 5, what is 0 - -242?
242
In base 16, what is -e + 2?
-c
In base 16, what is 0 - 87?
-87
In base 4, what is -313 - -1230?
311
In base 2, what is 10000011 + 10?
10000101
In base 4, what is -2 - -10030?
10022
In base 13, what is 1 + 565?
566
In base 15, what is -98e - -8?
-986
In base 6, what is 405 + -3?
402
In base 7, what is -3 + -2016?
-2022
In base 9, what is 1 + -55?
-54
In base 12, what is 0 + b0?
b0
In base 11, what is 0 - 7?
-7
In base 6, what is -4 - 143?
-151
In base 2, what is -111100 - 101?
-1000001
In base 8, what is -3 + 60?
55
In base 12, what is 2b7 + 2?
2b9
In base 15, what is 3 + 2c?
30
In base 14, what is -1 - -86b?
86a
In base 16, what is ad - 9d?
10
In base 16, what is -802 + 2?
-800
In base 2, what is 111101 - 101?
111000
In base 8, what is 1 - -1113?
1114
In base 3, what is 112 - 11120?
-11001
In base 14, what is 0 - -63?
63
In base 13, what is 7b2 + 7?
7b9
In base 5, what is -333414 - -1?
-333413
In base 12, what is 319 + -6?
313
In base 16, what is 3 - 92?
-8f
In base 7, what is -64 + -35?
-132
In base 3, what is 1110121 + -11?
1110110
In base 11, what is -1294 - 5?
-1299
In base 2, what is 1000001101101 - 1?
1000001101100
In base 5, what is 13 + 2040?
2103
In base 10, what is 5 + -240?
-235
In base 13, what is 5 + -35a?
-355
In base 10, what is 176 + 4?
180
In base 6, what is -210 + -3?
-213
In base 2, what is 1 - -1000001?
1000010
In base 7, what is -52 + 16?
-33
In base 9, what is 4 + -7?
-3
In base 13, what is 34 + -13?
21
In base 16, what is -c - -3c?
30
In base 10, what is -452 + 1?
-451
In base 12, what is -51 + -4?
-55
In base 4, what is 0 + -10?
-10
In base 3, what is 0 - -102221?
102221
In base 15, what is d2 - 3?
ce
In base 14, what is 38 - -4?
3c
In base 13, what is 4b + 12?
60
In base 6, what is -23103 + 4?
-23055
In base 10, what is 0 + -4?
-4
In base 8, what is -3 - -111?
106
In base 2, what is 100010111110 - 10?
100010111100
In base 15, what is -3 + 13?
10
In base 9, what is -8 + -437?
-446
In base 3, what is 2211001 - -2?
2211010
In base 5, what is 4 - -223?
232
In base 6, what is 12 - -1012?
1024
In base 13, what is -1 + -13c9?
-13ca
In base 13, what is -5 + 34?
2c
In base 4, what is 11 + -122?
-111
In base 15, what is -6dc - 5?
-6e2
In base 12, what is -2 + -2517?
-2519
In base 8, what is -22615 + 0?
-22615
In base 3, what is -202 + 101?
-101
In base 13, what is 0 + -7?
-7
In base 12, what is 2 - -14?
16
In base 8, what is -533 + -1?
-534
In base 15, what is -2e3 + 3?
-2e0
In base 14, what is 5 - -26?
2b
In base 6, what is 5 - -2134?
2143
In base 16, what is 1314 - 4?
1310
In base 4, what is 1103 + 12?
1121
In base 15, what is a - -2d?
38
In base 16, what is 72cc + 5?
72d1
In base 12, what is -47 + b?
-38
In base 5, what is 1134300 - 4?
1134241
In base 4, what is 11 + -123331?
-123320
In base 6, what is -144 - 150?
-334
In base 4, what is -32011 + -13?
-32030
In base 15, what is 4 + 24?
28
In base 16, what is -6 - 9a5?
-9ab
In base 8, what is 107 + 4?
113
In base 15, what is -6 + 21?
1a
In base 14, what is -2 - -39?
37
In base 2, what is 10101 + 100?
11001
In base 14, what is -12 - 1d?
-31
In base 4, what is -22203 + 22?
-22121
In base 14, what is 97 + -10?
87
In base 12, what is 18b + 5b?
22a
In base 7, what is 1 + -60?
-56
In base 5, what is -3 - -1?
-2
In base 13, what is 25 + 30?
55
In base 13, what is -2 + 1864?
1862
In base 10, what is -5 - -43?
38
In base 4, what is 13311 - 10?
13301
In base 9, what is 1452 - -3?
1455
In base 10, what is -18 + 0?
-18
In base 4, what is -3 + -1030013?
-1030022
In base 16, what is 8 + 7d?
85
In base 13, what is -24 + -5?
-29
In base 2, what is -111110 + -10010110?
-11010100
In base 15, what is 7 + -12b2?
-12aa
In base 10, what is 1 + -47?
-46
In base 12, what is 3817 + -4?
3813
In base 6, what is -1 - -14153?
14152
In base 10, what is 4 - 762?
-758
In base 11, what is -6a5 + -5?
-6aa
In base 13, what is 59ba - -5?
59c2
In base 9, what is 4 - -5526?
5531
In base 8, what is -1 + -165?
-166
In base 9, what is -11 - -107?
86
In base 9, what is -171 + 111?
-60
In base 15, what is -1bc - 0?
-1bc
In base 5, what is -4313 + 2?
-4311
In base 3, what is 121202 + -102?
121100
In base 11, what is -4 + -2?
-6
In base 5, what is 1332 - 10?
1322
In base 15, what is -149 + 1?
-148
In base 13, what is -9 - -3?
-6
In base 5, what is -421324 - 1?
-421330
In base 10, what is -65 - 83?
-148
In base 14, what is c34 - -1?
c35
In base 13, what is -13 + -144?
-157
In base 3, what is -11 - 110202?
-110220
In base 3, what is -20 + 1001?
211
In base 9, what is -2 + 58?
56
In base 16, what is 2 + 25?
27
In base 11, what is -5 - 294?
-299
In base 6, what is -3 - 204?
-211
In base 10, what is -2 - 161?
-163
In base 14, what is -7 - 1d5?
-1dc
In base 7, what is -2 - -5311?
5306
In base 13, what is -23 + b0?
8a
In base 10, 